49 is divided by 1735?
1724
Calculate the remainder when 10440272 is divided by 12.
8
Calculate the remainder when 394279 is divided by 3552.
7
Calculate the remainder when 568699 is divided by 3195.
3184
What is the remainder when 6099319 is divided by 33?
28
Calculate the remainder when 131976292 is divided by 7763311.
5
Calculate the remainder when 4988376 is divided by 1662777.
45
Calculate the remainder when 55362 is divided by 54622.
740
What is the remainder when 290086 is divided by 485?
56
Calculate the remainder when 979118 is divided by 1290.
8
What is the remainder when 328974797 is divided by 1936?
1933
Calculate the remainder when 253609 is divided by 2669.
54
What is the remainder when 1622549 is divided by 1232?
5
Calculate the remainder when 1196342 is divided by 85452.
14
Calculate the remainder when 17760969 is divided by 420.
9
Calculate the remainder when 18451148 is divided by 432.
428
Calculate the remainder when 31137082 is divided by 183.
181
What is the remainder when 1444592 is divided by 298?
186
Calculate the remainder when 1039806 is divided by 34656.
126
What is the remainder when 260967 is divided by 3299?
346
What is the remainder when 242952268 is divided by 254?
252
Calculate the remainder when 61357751 is divided by 4215.
4211
Calculate the remainder when 35788799 is divided by 499.
20
Calculate the remainder when 184300700 is divided by 432.
428
Calculate the remainder when 812004 is divided by 90222.
6
What is the remainder when 24276165 is divided by 361?
359
Calculate the remainder when 12669840 is divided by 309020.
20
Calculate the remainder when 73253487 is divided by 2657.
2654
What is the remainder when 104262786 is divided by 3697?
3689
Calculate the remainder when 32157 is divided by 2475.
2457
Calculate the remainder when 235291 is divided by 650.
641
What is the remainder when 167073 is divided by 91?
88
What is the remainder when 834720 is divided by 834609?
111
Calculate the remainder when 633129 is divided by 31493.
3269
What is the remainder when 111756323 is divided by 111756318?
5
What is the remainder when 1237266 is divided by 1237259?
7
Calculate the remainder when 2237125 is divided by 126.
121
What is the remainder when 2716376 is divided by 12?
8
What is the remainder when 526165 is divided by 3024?
3013
What is the remainder when 567815 is divided by 258?
215
What is the remainder when 66471 is divided by 66309?
162
Calculate the remainder when 698338 is divided by 4392.
10
What is the remainder when 2243535 is divided by 1792?
1743
Calculate the remainder when 743617 is divided by 40.
17
Calculate the remainder when 40174 is divided by 2465.
734
Calculate the remainder when 28165 is divided by 3430.
725
What is the remainder when 690301 is divided by 690293?
8
What is the remainder when 36195 is divided by 1290?
75
What is the remainder when 9927690 is divided by 48?
42
What is the remainder when 26258254 is divided by 79?
76
Calculate the remainder when 3300896 is divided by 735.
11
Calculate the remainder when 13352 is divided by 2099.
758
What is the remainder when 6139185 is divided by 60784?
1
Calculate the remainder when 52424 is divided by 4895.
3474
What is the remainder when 228311 is divided by 4659?
20
What is the remainder when 809975 is divided by 62303?
36
What is the remainder when 108629574 is divided by 27?
15
What is the remainder when 499407 is divided by 794?
775
Calculate the remainder when 455762 is divided by 56938.
258
What is the remainder when 104039436 is divided by 38?
34
Calculate the remainder when 94130 is divided by 644.
106
What is the remainder when 21309112 is divided by 2016?
2008
Calculate the remainder when 13149206 is divided by 978.
974
Calculate the remainder when 208546404 is divided by 30.
24
What is the remainder when 7946 is divided by 6733?
1213
What is the remainder when 43783327 is divided by 69?
67
What is the remainder when 2482685 is divided by 144?
125
Calculate the remainder when 30627021 is divided by 302.
295
Calculate the remainder when 8490577 is divided by 292767.
334
Calculate the remainder when 928526 is divided by 37140.
26
Calculate the remainder when 12382 is divided by 960.
862
What is the remainder when 4919885 is divided by 3158?
2879
Calculate the remainder when 2459 is divided by 612.
11
What is the remainder when 3011394 is divided by 1493?
13
Calculate the remainder when 271490 is divided by 19386.
86
Calculate the remainder when 3391142 is divided by 18132.
458
Calculate the remainder when 746250 is divided by 8990.
80
Calculate the remainder when 8677297 is divided by 8660.
8637
Calculate the remainder when 4222705 is divided by 1758.
1747
Calculate the remainder when 5282473 is divided by 5282468.
5
What is the remainder when 15754319 is divided by 30?
29
What is the remainder when 1353508 is divided by 270674?
138
Calculate the remainder when 2581328 is divided by 322656.
80
What is the remainder when 421850 is divided by 7681?
7076
What is the remainder when 10196007 is divided by 135?
132
Calculate the remainder when 98627171 is divided by 977.
975
What is the remainder when 2291601 is divided by 444?
117
Calculate the remainder when 17925693 is divided by 1508.
97
What is the remainder when 14457 is divided by 12611?
1846
Calculate the remainder when 18831 is divided by 17360.
1471
What is the remainder when 2821860 is divided by 940580?
120
Calculate the remainder when 184455049 is divided by 2075.
2074
What is the remainder when 519103 is divided by 74141?
116
Calculate the remainder when 31965762 is divided by 7991435.
22
What is the remainder when 129973920 is divided by 345?
0
What is the remainder when 592090 is divided by 2793?
2767
What is the remainder when 144421 is divided by 20625?
46
What is the remainder when 60231 is divided by 4005?
156
Calculate the remainder when 859287 is divided by 17181.
237
Calculate the remainder when 142772 is divided by 47568.
68
What is the remainder when 918556 is divided by 306061?
373
Calculate the remainder when 91485510 is divided by 521.
515
Calculate the remainder when 951416 is divided by 2046.
26
Calculate the remainder when 32398379 is divided by 3780.
3779
Calculate the remainder when 40395108 is divided by 490.
488
Calculate the remainder when 18393 is divided by 1522.
129
What is the remainder when 29618 is divided by 474?
230
Calculate the remainder when 18321 is divided by 18022.
299
Calculate the remainder when 368308 is divided by 23018.
20
Calculate the remainder when 134519 is divided by 1257.
20
What is the remainder when 2752603 is divided by 13362?
31
Calculate the remainder when 2047348 is divided by 341207.
106
Calculate the remainder when 2892963 is divided by 7109.
6709
Calculate the remainder when 2935237 is divided by 195682.
7
What is the remainder when 259038 is divided by 11770?
98
What is the remainder when 112282 is divided by 7017?
10
Calculate the remainder when 471009 is divided by 8410.
49
What is the remainder when 714324 is divided by 6266?
0
What is the remainder when 240785 is divided by 1376?
1361
What is the remainder when 75149 is divided by 684?
593
What is the remainder when 13574723 is divided by 25?
23
What is the remainder when 4904214 is divided by 64?
22
Calculate the remainder when 581397 is divided by 27.
6
Calculate the remainder when 107705 is divided by 3883.
2864
What is the remainder when 511729 is divided by 3457?
93
What is the remainder when 146836 is divided by 145?
96
What is the remainder when 19220435 is divided by 106190?
45
Calculate the remainder when 218870069 is divided by 778.
775
Calculate the remainder when 836062 is divided by 417997.
68
Calculate the remainder when 54178 is divided by 53952.
226
What is the remainder when 22026 is divided by 1790?
546
What is the remainder when 175996 is divided by 29116?
1300
What is the remainder when 15953065 is divided by 117?
115
Calculate the remainder when 1675362 is divided by 62.
60
What is the remainder when 333740 is divided by 47672?
36
What is the remainder when 1061856 is divided by 530914?
28
Calculate the remainder when 142384 is divided by 23725.
34
What is the remainder when 9891100 is divided by 616?
604
What is the remainder when 44